 34*j - 37*j - 1047 = 0. List the prime factors of t.
3, 23
Let m be ((-172)/(-6))/((-4)/24). Let u = -150 - m. What are the prime factors of u?
2, 11
Suppose -5*b + 8 = -9*b. Let d = 7 + b. List the prime factors of d.
5
Suppose 4*v + 31 = -5*d + v, -5*v = 2*d + 1. What are the prime factors of 50 + 6*d/12?
2, 23
Suppose 343 - 28 = 3*i. Let l be 28/(-35)*i/(-1). Suppose -d = -5*f + 3*d + l, 0 = -2*f - 4*d + 28. What are the prime factors of f?
2
Let a be (2 - 4) + 1*2. Let s be (690/(-70))/(-3) - (-4)/(-14). Suppose -w + a*j + 5*j = -25, -s*w - 5*j = 5. What are the prime factors of w?
5
Let m(f) = -63*f + 1306. List the prime factors of m(0).
2, 653
Suppose 3*w - 27 = -4*s + 6*w, 0 = -4*s + w + 17. Suppose 5*u - 6 = s*u. Suppose -u*p + 49 = -2*o, -2*o - 18 = -p - 3*o. What are the prime factors of p?
17
Let s(w) = 16*w - 85. What are the prime factors of s(17)?
11, 17
Suppose 13*d = -11*d + 10608. List the prime factors of d.
2, 13, 17
Let g = 80 + 220. What are the prime factors of g?
2, 3, 5
Let g = -111 - -221. Let x = -215 + g. Let a = x - -177. What are the prime factors of a?
2, 3
Let u be (72/5)/1*(3 - -2). Suppose -3*b + 4*g + u = -0*b, -96 = -4*b + g. List the prime factors of b.
2, 3
List the prime factors of -3 - (-16)/(-8) - -1939.
2, 967
Suppose 0 = -2*w + 8. Suppose -3*z - 3*v = 9, z - v - 5 = w*z. List the prime factors of (144/(-20))/(z/5).
2, 3
Suppose -23*u + 34272 = -11*u. What are the prime factors of u?
2, 3, 7, 17
Let x = -184 - -218. List the prime factors of x.
2, 17
Suppose 6*r - 10*r = -8. Suppose -3*z - 20 = -4*z + 4*u, r*z = u + 75. List the prime factors of ((-2)/2)/((-4)/z).
2, 5
Let f(b) = -13*b. Let o = 24 - 25. Let w be f(o). Suppose w = k - 45. What are the prime factors of k?
2, 29
What are the prime factors of ((-639)/(-12))/(18/384)?
2, 71
Let d = -41 - -45. Suppose -d*z + 224 = -0*z. What are the prime factors of z?
2, 7
Suppose -9*u + 4660 = -4*u. List the prime factors of u.
2, 233
Let r(y) = -17*y + 14. List the prime factors of r(-7).
7, 19
Suppose 0 = -2*s - 2*v + 34 + 168, 5*s = 3*v + 481. Suppose l - 3*l = -s. What are the prime factors of l?
7
Let a(o) = -2*o**2 + 12*o. Let d be a(6). Suppose -5*w = -2*s + 47 + 104, w + 3 = d. What are the prime factors of s?
2, 17
Suppose -26*b + 88 = -2720. List the prime factors of b.
2, 3
Let g be (-3)/12 - 258/(-8). Suppose -5*o + 5*r + 65 + 135 = 0, 40 = o - 3*r. Suppose 2*v = -2*v - m + g, 2*m = 5*v - o. List the prime factors of v.
2
Let b(p) = 883*p**2 + 3*p - 4. List the prime factors of b(1).
2, 3, 7
Suppose 0 = 4*c - 3*x - 242, 2*c + 0 = 2*x + 122. Suppose -4*s + c = 2*g + 175, -5*s - 25 = 0. List the prime factors of (1 - 5) + (-9 - g).
5, 7
Suppose 4*s - 10 = -s. Suppose 2*l + 54 = 2*p, -4*l - 93 = p - s*p. Let f = 1 - l. List the prime factors of f.
23
Let a = -2 - -2. Suppose 0 = 5*d - 10 - a. Suppose d*c - 75 = q, -4 = -2*q - 10. List the prime factors of c.
2, 3
Suppose -2*f + 6724 = 4*b - 5*f, 2*b - f = 3360. List the prime factors of b.
2, 839
Let t(n) = n**2 - 4*n + 4. Let k be t(4). Suppose -k*g = -290 - 226. Suppose g - 13 = 4*j. What are the prime factors of j?
29
Suppose 5504 = -7*i + 11*i - 4*g, 5528 = 4*i + 4*g. Suppose -4*s - i = -11*s. List the prime factors of s.
197
Suppose -10*d + 3352 = -2*d. List the prime factors of d.
419
Suppose o + o = -2*w + 530, 4*o = -w + 259. List the prime factors of w/(-12)*(-2 - 10).
3, 89
Suppose -5*w - 31 = 4. Let v(t) = 4*t**2 + 4*t - 14. List the prime factors of v(w).
2, 7, 11
Let w(o) be the first derivative of -11*o**2/2 - 23*o + 27. What are the prime factors of w(-4)?
3, 7
Let g(n) = 3*n**2 + 10*n + 11. Let i(h) = -10*h**2 - 30*h - 33. Let s(d) = 7*g(d) + 2*i(d). List the prime factors of s(-11).
2, 11
Let k = -1508 - -3109. What are the prime factors of k?
1601
Let a(v) = -3*v**2 + 6*v - 26. Let g(z) = -10*z**2 + 17*z - 78. Let b(q) = 11*a(q) - 4*g(q). List the prime factors of b(5).
191
Let x(h) = 32*h + 284. List the prime factors of x(20).
2, 3, 7, 11
Suppose -9*m - 1012 = -10*m. What are the prime factors of m?
2, 11, 23
Suppose u = 4*t - 12, -2*t + 25 - 5 = 3*u. Suppose -u*r = -34 - 254. What are the prime factors of r?
2, 3
Suppose -2*c - z + 5 = 0, 0 = -2*c - 4*z - 4 - 0. Let x be -2*(-68)/24 + (-6)/9. Suppose c*k = t - 25, -x*t - 4*k + 3*k = -104. List the prime factors of t.
3, 7
List the prime factors of (-41)/(492/(-16440)) + 8 + -1.
3, 17
Suppose 0 = -3*s + 4*i + 296, 105 + 383 = 5*s - 4*i. Suppose -x + 5*x = s. List the prime factors of x.
2, 3
Suppose -3275 = 32*h - 24651. What are the prime factors of h?
2, 167
Let m be 22*4/8 - 2. Let z = 13 - m. Suppose 2*s = -3*r + s + 47, -z*r + 2*s + 66 = 0. What are the prime factors of r?
2
Suppose 92*k - 136*k + 58212 = 0. List the prime factors of k.
3, 7
Suppose -23*d + 20*d + 9 = 0. Suppose -d*t = -17 - 22. List the prime factors of t.
13
Suppose 0 = -p + 4, -4*p + 64 = -10*v + 14*v. Suppose -v*d = -10*d - 548. List the prime factors of d.
2, 137
Let z(r) = 9*r**2 + 5*r + 46. List the prime factors of z(-7).
2, 113
List the prime factors of 2 - 7 - -2 - 900/(-30).
3
Suppose 3*l - 637 = -10*l. Suppose -v + r + 12 = 4*r, 0 = 5*v + 4*r - l. What are the prime factors of v?
3
Suppose -42*d + 46*d = 2636. What are the prime factors of d?
659
Let q = -216 + 387. List the prime factors of q.
3, 19
Suppose 2*m - 4*l = 18, m + l - 2*l - 13 = 0. Suppose -m*t + 615 = -14*t. List the prime factors of t.
5, 41
Suppose 27*a = 15*a + 72. List the prime factors of a.
2, 3
Suppose 0 = 5*t - 3*p - 6872, 5*t + 37*p - 6874 = 38*p. What are the prime factors of t?
5, 11
Let b = 6622 + -4595. List the prime factors of b.
2027
Suppose -24*k + 29*k = 5. Suppose b - k = 3*d - 38, -2*b = 2*d - 22. List the prime factors of d.
2, 3
Suppose -4978 = -12*u + 22166. What are the prime factors of u?
2, 3, 13, 29
Let b be (-84)/(-20) - (-1)/(-5). Suppose -7*c + 2*c + 173 = b*i, -4*i + 179 = 3*c. Let z = i + -18. What are the prime factors of z?
29
Let i = -149 + 153. Suppose 4*c = -3*t + 1212, 3*c + i*t - 2*t - 908 = 0. List the prime factors of c.
2, 3, 5
Let h(l) = 24*l**2 + l + 7. Let g(c) = -6 + c - 2*c + 4*c**2 + 0*c - 28*c**2. Let v(p) = -7*g(p) - 6*h(p). What are the prime factors of v(-1)?
23
Suppose 43 = 8*w + 11. Suppose 5*n - 67 = 3. Let r = n - w. What are the prime factors of r?
2, 5
Let g = -58 - -374. What are the prime factors of g?
2, 79
Let g be (-1)/((20/4)/(-10)). Suppose -g*o - 3*o = 4*a - 109, 5*a = -2*o + 149. What are the prime factors of a?
31
Let j = -44 - -114. Let x be (-138)/(-7) - (-20)/j. What are the prime factors of (1 - 1) + 1 + x?
3, 7
Let x(m) be the second derivative of 0 - m**2 - 4*m - 25/3*m**3. List the prime factors of x(-1).
2, 3
Let n = 35 - 38. What are the prime factors of n*412/(-12) - -3?
2, 53
List the prime factors of ((-21)/(-4))/(-7) - 241830/(-72).
2, 23, 73
What are the prime factors of (-6 - -2) + (548 - 1)/1?
3, 181
Let y = -209 - -388. List the prime factors of y.
179
Let g(p) = 4*p + 10. Let t(y) = -10*y - 1. Let j be t(-1). Let d be (j/(-18))/((-1)/14). List the prime factors of g(d).
2, 19
Let b(z) = -18*z - 47. List the prime factors of b(-18).
277
Let p(o) = o - 4. Let f be p(8). Let j be (-161)/(-2) + (-2)/f. Suppose -3*q + j = -b, 7*q = 2*q - 4*b + 105. List the prime factors of q.
5
Suppose 2*i - 676 = -b, 0*i - 1007 = -3*i - 5*b. List the prime factors of i.
3, 113
Let s = 7976 - 5607. List the prime factors of s.
23, 103
Suppose -6*w + 5*y = -8*w + 6047, -w + 3016 = 5*y. What are the prime factors of w?
7, 433
Suppose -5*a = 2*a - 14. Suppose -8*u + 3*y = -4*u - 91, -a*y = 2*u - 56. What are the prime factors of u?
5
Let o(q) = q**2 + 6*q + 5. Let b be o(-4). What are the prime factors of (8/b)/(18/(-108))?
2
Suppose -3*a - 12 = -5*a. Let t(i) = -i**3 + 6*i**2 + 8. Let q be t(a). Let o(y) = y**2 - y - 6. What are the prime factors of o(q)?
2, 5
Suppose 52 = -9*g + 5*g. Let i = g - -12. What are the prime factors of 1 + i - (-33 - -7)?
2, 13
Let v(l) = -4*l + 4. Let i be v(-3). What are the prime factors of (-4)/1*(-36)/i?
3
Let t(z) = z**3 + 2*z**2 + 10*z - 2. Let a be t(-9). Let n = 969 + a. Suppose -3*r + n = 2*r. List the prime factors of r.
2, 31
Suppose 6*i - 2*y = i + 10442, i = 3*y + 2091.